
Let j(q) be the second derivative of q**4/12 + 7*q**3/3 + 6*q**2 + 5*q. Let o be j(-10). Is 5 a factor of (-11)/(-2) - 14/o?
False
Suppose -5*h - 80 = -5*l, 4*h - 2*h + 2*l + 40 = 0. Let n = -10 - h. Is (n/(-6))/((-8)/108) a multiple of 7?
False
Suppose 2*j = -4*p + 3*j + 11, -3*p = 2*j. Let s be 0*p/(-10) + 92. Suppose 0 = 3*y + 2*r + 2*r - s, -61 = -2*y - 3*r. Does 17 divide y?
False
Suppose d + 1017 = 6*d + i, 3*d - 5*i = 599. Suppose 3*v - d = 5*f, -3*v + 0*v + 175 = 2*f. Does 14 divide v?
False
Let a = -2036 + 2867. Does 57 divide a?
False
Let v = 320 - 215. Let n = 185 - v. Is n a multiple of 16?
True
Suppose 2*p = 7*p + 5*b, -p = -b - 10. Suppose 2*u = 9*l - 7*l - 554, -2*l + 589 = p*u. Is 16 a factor of l?
False
Suppose -4*j + 1996 = 3*c, 4*j - 682 = 2*c - 2046. Does 17 divide c?
False
Is 7 a factor of (88/(-66))/(4/(-294))?
True
Let j(w) = -w**3 + 7*w**2 + 8*w. Let n be j(8). Suppose -18 = -n*v - 3*v + 4*t, -v = 3*t + 7. Is (-1)/(v/6) + 18 a multiple of 4?
False
Let f = 515 + -347. Does 21 divide f?
True
Let z = 267 + -84. Suppose -273 = -4*k + z. Let q = -53 + k. Is q a multiple of 21?
False
Suppose 0 = -4*v - 4, 5*f + 4*v = -10 - 9. Is 10 a factor of (-8)/(f - 201/(-69))?
False
Let n = 864 + -336. Is 33 a factor of n?
True
Let x = -68 - -116. Is 3 a factor of x?
True
Let o be (84/(-10))/(11/(-110)). Suppose 2*u - 44 = -2*f - 2*f, 3*u - o = 3*f. Is 13 a factor of u?
True
Let z = -1280 + 1676. Is z even?
True
Let g be (-4)/16 - 51/(-12). Suppose 10 = 2*c + g. Suppose z + 24 = c*z. Is 3 a factor of z?
True
Let b be 0 - ((-2)/1 + -89 + -5). Let j = -28 + b. Is j a multiple of 7?
False
Is 25 a factor of (490/21 - -1)*12?
False
Suppose -2*w + 4*w = -2*j + 10, 3*j + 2*w - 19 = 0. Suppose 0 = z, -2*p + 11 = 2*z - j. Is p a multiple of 5?
True
Suppose -8*t + 11*t - 15 = 0. Suppose 0 = -3*l - 5*a + 52, -3*l + l + t*a - 7 = 0. Is l a multiple of 4?
False
Let b = 0 + 412. Is b a multiple of 17?
False
Let m = 2 + 10. Let s = m - 10. Let u(a) = 4*a**3 - a. Does 15 divide u(s)?
True
Let m(g) = g**3 + 29*g**2 - 34*g - 20. Does 23 divide m(-29)?
True
Let q = -20 + 40. Suppose -3*w + q = w. Suppose -w*p + m + 63 = -p, -5*p + 69 = 2*m. Does 10 divide p?
False
Let g be -9 + 6 + 19*16. Suppose 4*h + 3*m = g, -6*m + 10*m = 4*h - 336. Does 7 divide h?
False
Suppose 2*k - 4020 = 5*y, 5*k - 9*k + 4*y + 8016 = 0. Does 50 divide k?
True
Let w(t) = -13*t**3 + 11*t**2 + 2*t - 10. Is 22 a factor of w(-4)?
True
Let v(w) = -w**2. Let q(p) = -p**3 - 4*p**2 + 10*p + 8. Let c(h) = -q(h) - v(h). Suppose -3*j = -2*i + 5*i + 27, 2*i - 24 = 5*j. Is 16 a factor of c(j)?
True
Suppose -27*p + 1041 = -38244. Does 30 divide p?
False
Let f = -80 + 134. Let i = -147 + f. Let j = -51 - i. Is j a multiple of 23?
False
Let l(t) = t**3 - 6*t + 6. Let g be l(3). Is 9 a factor of (-2 - 7/(-2))/(g/220)?
False
Does 14 divide (294/(-8))/(255/(-5440))?
True
Let z = 236 + -162. Suppose 5*m = z + 131. Does 12 divide m?
False
Suppose -3*l + 129 = 2*l + 4*a, 0 = 3*l - 4*a - 103. Is 4 a factor of l?
False
Suppose 105*x + 672 = 113*x. Is x a multiple of 6?
True
Let l = 728 + -384. Is 15 a factor of l?
False
Let q(x) = x**3 - 20*x**2 + 32*x - 48. Is q(20) a multiple of 8?
True
Suppose -4*h - 2*v - 94 = 0, 2*h = -3*h + 3*v - 145. Let s be 4/h - (-205)/65. Suppose 8 = 3*o + s*j - 34, 2*j + 8 = 2*o. Does 5 divide o?
False
Suppose -82*n + 18*n = -143936. Does 20 divide n?
False
Let r(c) = c**3 + 38*c**2 - 88*c + 2. Does 5 divide r(-40)?
False
Let j(h) = 26*h - 25. Is 24 a factor of j(20)?
False
Let w be (-2)/4 - (-27)/6. Suppose w*j - 8*j = -36. Is j even?
False
Suppose -16 + 4 = -6*h. Is (-2)/(3/h*(-5)/225) a multiple of 12?
True
Let w = 24 - -345. Does 41 divide w?
True
Does 10 divide (-1 - (-81 - -6)) + 4?
False
Let t = -27 + 43. Let m be 4*4/(t/42). Suppose 2*z - 50 - m = 0. Is 14 a factor of z?
False
Suppose 34*t - 60332 = 12394. Does 8 divide t?
False
Let z(x) = 8*x**2 - 22. Is z(6) a multiple of 19?
True
Let w(h) = -2*h**2 - 8*h + 6. Let q be w(-6). Let i(a) = a + 1. Let p(g) = -3*g + 1. Let j(d) = -4*i(d) - p(d). Is 5 a factor of j(q)?
False
Is (-3652)/(-5) + 51/85 a multiple of 27?
False
Let g(m) = m + 5. Let v(j) = -j**2 - 6*j - 9. Let x be v(-5). Let l be g(x). Is 10/(-2)*(-3 - l) a multiple of 17?
False
Suppose -36 - 40 = 4*k. Let v = 135 + k. Is 29 a factor of v?
True
Let b be (-10)/(-3)*(-18)/(-15). Let j(r) be the second derivative of -r**5/20 + r**4/3 + r**3/6 + 3*r**2/2 - r + 29. Does 7 divide j(b)?
True
Suppose 42*s - 4576 = 34*s. Is 11 a factor of s?
True
Let a(h) be the third derivative of h**5/30 - h**4/12 - h**3/6 - 6*h**2. Let t be a(-1). Suppose t*b = -2*b + 50. Does 4 divide b?
False
Let n be -2 + 196 - (-3 - -5). Suppose 4*l = 2*l + 5*m + n, 0 = 2*l + 2*m - 164. Is 7 a factor of l?
False
Let s be 8/6*(-18)/((-60)/10). Suppose 4*a - 1062 = a. Suppose 3*v = -i + 143, 191 = s*i + 3*v - a. Is 28 a factor of i?
False
Let a = -9 + 12. Suppose -a*h + 36 = -h. Let z = -10 + h. Is z a multiple of 8?
True
Suppose 2*i - 350 = -3*i. Suppose 336 = 95*y - 102*y. Let s = i + y. Does 11 divide s?
True
Let v(m) = -2*m**3 - 8*m**2 - 8*m - 38. Is v(-6) a multiple of 14?
True
Let b(x) = 2*x**2 - 3*x. Let u be b(2). Let j(y) = 5*y + 8*y**u + y + 0*y + 3 + y**3. Does 13 divide j(-6)?
True
Let b = -31 + 36. Suppose 3*k - 6*k + b*a = -275, -4*k = -2*a - 362. Is k a multiple of 6?
True
Let x(a) = -a**3 + 8*a**2 + a - 7. Let i be x(8). Is ((-2)/i)/((-9)/315) a multiple of 11?
False
Suppose -5*b + 1912 = -3*b - r, 3*r = 0. Suppose g - b = -5*k, 0*g - g = -5*k + 964. Is 32 a factor of k?
True
Let g(c) = 9*c**2 - 48*c - 2. Is g(11) a multiple of 6?
False
Let u(f) = f**3 + 30*f**2 + 25*f + 57. Is 36 a factor of u(-29)?
False
Suppose -11 - 2 = -b. Is b a multiple of 3?
False
Let x = -79 - -68. Let h = x + 71. Does 10 divide h?
True
Let z(j) = j**2 + j + 12. Suppose 0 = -5*p + 2*p. Let i be z(p). Let q = i - 4. Is 8 a factor of q?
True
Suppose -4*r = -648 - 1080. Is r a multiple of 24?
True
Let a(c) be the first derivative of c**3/3 + c**2/2 - 10. Is 3 a factor of a(-3)?
True
Let p(v) = -7*v + 14. Let f be p(-6). Suppose -4*g - 175 = -3*s - 9*g, 0 = -s - 4*g + f. Is s a multiple of 20?
True
Let m(l) = -4 + 4 - 7*l - 6 - 7. Does 14 divide m(-7)?
False
Suppose 1855 = 57*h - 52*h + 3*z, 5*h - 1860 = -2*z. Is h a multiple of 17?
True
Let g(b) = -6*b + 2. Let l = -10 - -9. Let h be g(l). Is 32 a factor of 258/h + 14/(-56)?
True
Suppose 4*s - 5*z = 56, 0 = -0*s - 2*s - 3*z + 50. Suppose 2*m = s - 11. Suppose -d - 6*b = -b - 85, 0 = -m*d - 5*b + 355. Is d a multiple of 15?
True
Suppose 0 = -16*j - 21*j + 12*j. Suppose u - 14 = -0*u. Suppose -6*w + 4*w + u = j. Is w a multiple of 6?
False
Let l(z) = -4*z**2 + 11*z + 1. Let c be l(3). Let p(m) = 2*m**2 - 2*m. Is 12 a factor of p(c)?
True
Let d be 5*((-16)/5 + 4). Let o = d + 22. Does 5 divide o?
False
Suppose -5*o + 0*p - 4*p - 20 = 0, -25 = 4*o + 5*p. Suppose o = -2*q - 24 + 132. Does 18 divide q?
True
Let a(h) = -11*h - 1. Let k be a(-3). Suppose k = -0*u + 8*u. Is 4 a factor of u?
True
Let n be (-2 - -1)*2 - -2. Suppose -v + 7*v - 690 = n. Is v a multiple of 20?
False
Let x(o) = 83*o**2 - 2*o - 2. Suppose -5*k + 3*t = -7, 0 = -k + 5*t + 10 + 9. Let w be x(k). Suppose -2*y = 5*c - w, -y = -0*y + 5*c - 39. Does 11 divide y?
True
Suppose 0 = -6*i + 18*i - 16320. Is i a multiple of 10?
True
Is 2/3 - ((-86880)/(-45))/(-2) a multiple of 42?
True
Suppose -3*k - y = 2*y - 9, -k = 3*y - 7. Suppose 3*o - 3*w + 3 = 0, 5*o - 2*w = w + k. Suppose 0 = o*r + 2*u - 86, -r + 11 = -u - 38. Does 21 divide r?
False
Suppose -13*m + 620 + 316 = 0. Is 6 a factor of m?
True
Suppose 3*w - 4*r - 92 = w, 206 = 4*w + 3*r. Is w a multiple of 5?
True
Let a = -176 + 617. Does 17 divide a?
False
Suppose 3*g - 6*g = -15. Suppose 0*x - 269 = -3*u - x, 0 = 3*u + 2*x - 265. Suppose 241 = g*v + u. Does 15 divide v?
True
Let u = -306 - -686. Does 19 divide u?
True
Let j(r) = r**2 + 13*r + 14. Let c be ((-12)/(-1))/(10 - 11). Let x be j(c). Suppose -9 = x*g - 25. Does 2 divide g?
True
Let k(y) = -y**3 - 6*y**2 - 7*y + 3. Let j be k(-6). Suppose -v + j = 2*v. Is v a multiple of 2?
False
Let w(o) = 8*o - 73. Is w(12) a multiple of 9?
False
Suppose 454 = -2*j - 970. Let u be (1 + 11)/((-16)/j). 